{"id":18,"date":"2023-05-08T15:35:33","date_gmt":"2023-05-08T15:35:33","guid":{"rendered":"https:\/\/violaderoda.cat\/?page_id=18"},"modified":"2023-11-04T18:11:45","modified_gmt":"2023-11-04T18:11:45","slug":"objectius","status":"publish","type":"page","link":"https:\/\/violaderoda.cat\/index.php\/objectius\/","title":{"rendered":"Objectius"},"content":{"rendered":"<p>L&#8217;Associaci\u00f3 de Viola de Roda de Catalunya t\u00e9 com a missi\u00f3 principal la preservaci\u00f3, promoci\u00f3 i difusi\u00f3 del patrimoni musical relacionat amb la viola de roda a Catalunya. Aix\u00f2 inclou activitats com:<\/p>\n<ol>\n<li><strong>Conservaci\u00f3 del Patrimoni:<\/strong> Documentaci\u00f3 i conservaci\u00f3 de partitures, instruments hist\u00f2rics i altres elements vinculats amb la tradici\u00f3 de la viola de roda a Catalunya.<\/li>\n<li><strong>Educaci\u00f3:<\/strong> Organitzaci\u00f3 de tallers, classes magistrals i altres activitats educatives per promoure el coneixement i les habilitats relatives a la viola de roda.<\/li>\n<li><strong>Recerca i Estudi:<\/strong> Foment de la investigaci\u00f3 sobre la hist\u00f2ria, les t\u00e8cniques i les tradicions musicals de la viola de roda, amb l&#8217;objectiu de mantenir viva aquesta forma \u00fanica d&#8217;expressi\u00f3 art\u00edstica.<\/li>\n<li><strong>Promoci\u00f3:<\/strong> Organitzaci\u00f3 de concerts, festivals i altres esdeveniments per difondre la m\u00fasica de viola de roda tant a Catalunya com a nivell internacional.<\/li>\n<li><strong>Foment de la Comunitat:<\/strong> Creaci\u00f3 d&#8217;una xarxa de m\u00fasics, estudiants, aficionats i altres interessats en la viola de roda, fomentant la interacci\u00f3 i l&#8217;intercanvi d&#8217;experi\u00e8ncies.<\/li>\n<li><strong>Col\u00b7laboraci\u00f3 Cultural:<\/strong> Establiment de col\u00b7laboracions amb altres organitzacions culturals i musicals per enriquir el panorama musical catal\u00e0 amb l&#8217;aportaci\u00f3 \u00fanica de la viola de roda.<\/li>\n<\/ol>\n<p>A trav\u00e9s d&#8217;aquestes iniciatives, l&#8217;Associaci\u00f3 de Viola de Roda de Catalunya contribueix activament a mantenir viva i vibrant la rica tradici\u00f3 musical de la viola de roda a Catalunya.<\/p>\n","protected":false},"excerpt":{"rendered":"<p>L&#8217;Associaci\u00f3 de Viola de Roda de Catalunya t\u00e9 com a missi\u00f3 principal la preservaci\u00f3, promoci\u00f3 i difusi\u00f3 del patrimoni musical [&hellip;]<\/p>\n","protected":false},"author":1,"featured_media":0,"parent":0,"menu_order":0,"comment_status":"closed","ping_status":"closed","template":"","meta":[],"_links":{"self":[{"href":"https:\/\/violaderoda.cat\/index.php\/wp-json\/wp\/v2\/pages\/18"}],"collection":[{"href":"https:\/\/violaderoda.cat\/index.php\/wp-json\/wp\/v2\/pages"}],"about":[{"href":"https:\/\/violaderoda.cat\/index.php\/wp-json\/wp\/v2\/types\/page"}],"author":[{"embeddable":true,"href":"https:\/\/violaderoda.cat\/index.php\/wp-json\/wp\/v2\/users\/1"}],"replies":[{"embeddable":true,"href":"https:\/\/violaderoda.cat\/index.php\/wp-json\/wp\/v2\/comments?post=18"}],"version-history":[{"count":2,"href":"https:\/\/violaderoda.cat\/index.php\/wp-json\/wp\/v2\/pages\/18\/revisions"}],"predecessor-version":[{"id":174,"href":"https:\/\/violaderoda.cat\/index.php\/wp-json\/wp\/v2\/pages\/18\/revisions\/174"}],"wp:attachment":[{"href":"https:\/\/violaderoda.cat\/index.php\/wp-json\/wp\/v2\/media?parent=18"}],"curies":[{"name":"wp","href":"https:\/\/api.w.org\/{rel}","templated":true}]}}

<p>L&#8217;Associació de Viola de Roda de Catalunya té com a missió principal la preservació, promoció i difusió del patrimoni musical relacionat amb la viola de roda a Catalunya. Això inclou activitats com:</p>
<ol>
<li><strong>Conservació del Patrimoni:</strong> Documentació i conservació de partitures, instruments històrics i altres elements vinculats amb la tradició de la viola de roda a Catalunya.</li>
<li><strong>Educació:</strong> Organització de tallers, classes magistrals i altres activitats educatives per promoure el coneixement i les habilitats relatives a la viola de roda.</li>
<li><strong>Recerca i Estudi:</strong> Foment de la investigació sobre la història, les tècniques i les tradicions musicals de la viola de roda, amb l&#8217;objectiu de mantenir viva aquesta forma única d&#8217;expressió artística.</li>
<li><strong>Promoció:</strong> Organització de concerts, festivals i altres esdeveniments per difondre la música de viola de roda tant a Catalunya com a nivell internacional.</li>
<li><strong>Foment de la Comunitat:</strong> Creació d&#8217;una xarxa de músics, estudiants, aficionats i altres interessats en la viola de roda, fomentant la interacció i l&#8217;intercanvi d&#8217;experiències.</li>
<li><strong>Col·laboració Cultural:</strong> Establiment de col·laboracions amb altres organitzacions culturals i musicals per enriquir el panorama musical català amb l&#8217;aportació única de la viola de roda.</li>
</ol>
<p>A través d&#8217;aquestes iniciatives, l&#8217;Associació de Viola de Roda de Catalunya contribueix activament a mantenir viva i vibrant la rica tradició musical de la viola de roda a Catalunya.</p>

<p>L&#8217;Associació de Viola de Roda de Catalunya té com a missió principal la preservació, promoció i difusió del patrimoni musical [&hellip;]</p>
