{"id":26,"date":"2023-05-08T15:36:36","date_gmt":"2023-05-08T15:36:36","guid":{"rendered":"https:\/\/violaderoda.cat\/?page_id=26"},"modified":"2023-11-13T20:58:17","modified_gmt":"2023-11-13T20:58:17","slug":"fes-te-soci","status":"publish","type":"page","link":"https:\/\/violaderoda.cat\/index.php\/fes-te-soci\/","title":{"rendered":"Fes-te soci"},"content":{"rendered":"<p>[vc_row][vc_column][vc_custom_heading uncode_shortcode_id=&#8221;183439&#8243;]Benvingut a l&#8217;Associaci\u00f3 de Viola de Roda de Catalunya,[\/vc_custom_heading][vc_column_text uncode_shortcode_id=&#8221;149122&#8243;]Unir-te com a soci a la AVRC significa m\u00e9s que nom\u00e9s ser un membre; significa convertir-te en part d&#8217;una rica tradici\u00f3 musical i contribuir a la preservaci\u00f3 d&#8217;aquest instrument tant \u00fanic. Amb el teu suport, podrem continuar el nostre treball en la promoci\u00f3 de la viola de roda a Catalunya, educant a les noves generacions i donant a con\u00e8ixer la Viola de Roda a tots els racons del pa\u00eds.<\/p>\n<p>Com a soci, a parte de recolzar economicament tots els nostres projectes de difusi\u00f3 amb la teva <strong>quota anual de 40\u20ac<\/strong> podr\u00e0s connectat amb altres entusiastes de la Viola de Roda i tendr\u00e0s l&#8217;oportunitat de participar activament en els nostres esdeveniments i iniciatives comunit\u00e0ries.[\/vc_column_text][\/vc_column][\/vc_row][vc_row][vc_column width=&#8221;1\/1&#8243;][vc_column_text uncode_shortcode_id=&#8221;501650&#8243;]Suma&#8217;t a nosaltres en aquest apassionant viatge musical. Fes-te soci avui mateix i ajuda&#8217;ns a conservar la riquesa del patrimoni musical catal\u00e0 per a les futures generacions.<\/p>\n<p>Gr\u00e0cies per la teva col\u00b7laboraci\u00f3 i suport continu.[\/vc_column_text][vc_button button_color=&#8221;color-137443&#8243; size=&#8221;btn-xl&#8221; radius=&#8221;btn-round&#8221; border_width=&#8221;0&#8243; link=&#8221;url:https%3A%2F%2Fvioladeroda.cat%2Fwp-content%2Fuploads%2F2023%2F11%2FALTA-SOCI-OMPLIBLE-DIGITAL-1-1.pdf|target:_blank|rel:nofollow&#8221; button_color_type=&#8221;uncode-palette&#8221; uncode_shortcode_id=&#8221;112453&#8243;]FES-TE SOCI[\/vc_button][\/vc_column][\/vc_row]<\/p>\n","protected":false},"excerpt":{"rendered":"<p>[vc_row][vc_column][vc_custom_heading uncode_shortcode_id=&#8221;183439&#8243;]Benvingut a l&#8217;Associaci\u00f3 de Viola de Roda de Catalunya,[\/vc_custom_heading][vc_column_text uncode_shortcode_id=&#8221;149122&#8243;]Unir-te com a soci a la AVRC significa m\u00e9s que [&hellip;]<\/p>\n","protected":false},"author":1,"featured_media":0,"parent":0,"menu_order":0,"comment_status":"closed","ping_status":"closed","template":"","meta":[],"_links":{"self":[{"href":"https:\/\/violaderoda.cat\/index.php\/wp-json\/wp\/v2\/pages\/26"}],"collection":[{"href":"https:\/\/violaderoda.cat\/index.php\/wp-json\/wp\/v2\/pages"}],"about":[{"href":"https:\/\/violaderoda.cat\/index.php\/wp-json\/wp\/v2\/types\/page"}],"author":[{"embeddable":true,"href":"https:\/\/violaderoda.cat\/index.php\/wp-json\/wp\/v2\/users\/1"}],"replies":[{"embeddable":true,"href":"https:\/\/violaderoda.cat\/index.php\/wp-json\/wp\/v2\/comments?post=26"}],"version-history":[{"count":6,"href":"https:\/\/violaderoda.cat\/index.php\/wp-json\/wp\/v2\/pages\/26\/revisions"}],"predecessor-version":[{"id":203,"href":"https:\/\/violaderoda.cat\/index.php\/wp-json\/wp\/v2\/pages\/26\/revisions\/203"}],"wp:attachment":[{"href":"https:\/\/violaderoda.cat\/index.php\/wp-json\/wp\/v2\/media?parent=26"}],"curies":[{"name":"wp","href":"https:\/\/api.w.org\/{rel}","templated":true}]}}